{"id":10,"date":"2022-03-03T03:46:53","date_gmt":"2022-03-03T03:46:53","guid":{"rendered":"https:\/\/nera.grupohsi.com\/wp\/?page_id=10"},"modified":"2022-03-19T05:22:58","modified_gmt":"2022-03-19T05:22:58","slug":"nosotros","status":"publish","type":"page","link":"https:\/\/neramaquinaria.com\/?page_id=10","title":{"rendered":"Nosotros"},"content":{"rendered":"\n<h2 class=\"wp-block-heading\">Hist\u00f3ria<\/h2>\n\n\n\n<p>NERA MAQUINARIA&nbsp;<\/p>\n\n\n\n<p>Somos una empresa con m\u00e1s de 15 a\u00f1os de experiencia en el mantenimiento preventivo y correctivo de Martilllos Hidr\u00e1ulicos.&nbsp;<\/p>\n\n\n\n<p>Hace m\u00e1s de una d\u00e9cada el Ing. Rafa Sanchez y el Ing. N\u00e9stor Rueda, especialistas en mantenimiento preventivo de Martillos Hidr\u00e1ulicos y en atenci\u00f3n a operadores, arquitectos, ingenieros, identificaron la necesidad de impulsar una empresa que ofreciera soluciones cercanas y adaptables a sus clientes y amigos.\u00a0<\/p>\n\n\n\n<h2 class=\"wp-block-heading\">Misi\u00f3n<\/h2>\n\n\n\n<p>Nuestro equipo, as\u00ed como nuestros clientes,\u00a0 forman parte de la familia NERA MAQUINARIA por eso es importante para nosotros mantener una relaci\u00f3n cercana y de calidez con cada uno, para lograr su satisfacci\u00f3n total.<\/p>\n\n\n\n<h2 class=\"wp-block-heading\">Visi\u00f3n<\/h2>\n\n\n\n<p>Ser una empresa reconocida como l\u00edder en el ramo de Martillos Hidr\u00e1ulicos a nivel Nacional, por parte de nuestros clientes y grupos de inter\u00e9s relacionados con actividades de maquinaria, construcci\u00f3n y miner\u00eda.\u00a0<\/p>\n\n\n\n<h2 class=\"wp-block-heading\">Valores<\/h2>\n\n\n\n<ul class=\"wp-block-list\"><li><strong>LEALTAD<\/strong><\/li><\/ul>\n\n\n\n<p>Respetamos y hacemos cumplir nuestra palabra.<\/p>\n\n\n\n<ul class=\"wp-block-list\"><li><strong>TRABAJO EN EQUIPO&nbsp;<\/strong><\/li><\/ul>\n\n\n\n<p>Sabemos que formamos parte de un todo, es por eso que nuestro equipo une esfuerzos y habilidades, para alcanzar objetivos comunes, haciendo participe al cliente y amigo en todo momento.&nbsp;<\/p>\n\n\n\n<ul class=\"wp-block-list\"><li><strong>HONESTIDAD<\/strong>&nbsp;<\/li><\/ul>\n\n\n\n<p>Nos manejamos con transparencia y franqueza en todos nuestros servicios, brindando toda la informaci\u00f3n necesaria, respaldada y con claridad con el cliente.<\/p>\n\n\n\n<ul class=\"wp-block-list\"><li><strong>DISCIPLINA<\/strong><\/li><\/ul>\n\n\n\n<p>Satisfacci\u00f3n m\u00e1s alta, nos comprometemos a no retrasar la culminaci\u00f3n de sus proyectos.\u00a0<\/p>\n\n\n\n<ul class=\"wp-block-list\"><li><strong>EMPATIA \/CERCANIA<\/strong><\/li><\/ul>\n\n\n\n<p>Ofrecer soluciones competitivas y atenci\u00f3n de calidad a nuestros clientes poniendo a su disposici\u00f3n, servicios y productos de m\u00e1xima calidad.\u00a0<\/p>\n","protected":false},"excerpt":{"rendered":"<p>Hist\u00f3ria NERA MAQUINARIA&nbsp; Somos una empresa con m\u00e1s de 15 a\u00f1os de experiencia en el mantenimiento preventivo y correctivo de Martilllos Hidr\u00e1ulicos.&nbsp; Hace m\u00e1s de una d\u00e9cada el Ing. Rafa Sanchez y el Ing. N\u00e9stor Rueda, especialistas en mantenimiento preventivo de Martillos Hidr\u00e1ulicos y en atenci\u00f3n a operadores, arquitectos, ingenieros, identificaron la necesidad de impulsar [&hellip;]<\/p>\n","protected":false},"author":1,"featured_media":0,"parent":0,"menu_order":1,"comment_status":"closed","ping_status":"closed","template":"","meta":{"footnotes":""},"class_list":["post-10","page","type-page","status-publish","hentry"],"_links":{"self":[{"href":"https:\/\/neramaquinaria.com\/index.php?rest_route=\/wp\/v2\/pages\/10","targetHints":{"allow":["GET"]}}],"collection":[{"href":"https:\/\/neramaquinaria.com\/index.php?rest_route=\/wp\/v2\/pages"}],"about":[{"href":"https:\/\/neramaquinaria.com\/index.php?rest_route=\/wp\/v2\/types\/page"}],"author":[{"embeddable":true,"href":"https:\/\/neramaquinaria.com\/index.php?rest_route=\/wp\/v2\/users\/1"}],"replies":[{"embeddable":true,"href":"https:\/\/neramaquinaria.com\/index.php?rest_route=%2Fwp%2Fv2%2Fcomments&post=10"}],"version-history":[{"count":2,"href":"https:\/\/neramaquinaria.com\/index.php?rest_route=\/wp\/v2\/pages\/10\/revisions"}],"predecessor-version":[{"id":183,"href":"https:\/\/neramaquinaria.com\/index.php?rest_route=\/wp\/v2\/pages\/10\/revisions\/183"}],"wp:attachment":[{"href":"https:\/\/neramaquinaria.com\/index.php?rest_route=%2Fwp%2Fv2%2Fmedia&parent=10"}],"curies":[{"name":"wp","href":"https:\/\/api.w.org\/{rel}","templated":true}]}}